 when 196857 is divided by 772?
769
What is the remainder when 19128 is divided by 89?
82
Calculate the remainder when 37731 is divided by 97.
95
What is the remainder when 1970 is divided by 496?
482
Calculate the remainder when 2359 is divided by 84.
7
What is the remainder when 395403 is divided by 18?
15
What is the remainder when 15694 is divided by 20?
14
Calculate the remainder when 157662 is divided by 52545.
27
Calculate the remainder when 208599 is divided by 2938.
1
What is the remainder when 1103928 is divided by 278?
268
Calculate the remainder when 26318 is divided by 235.
233
Calculate the remainder when 375 is divided by 117.
24
Calculate the remainder when 315835 is divided by 1645.
1640
Calculate the remainder when 101192 is divided by 865.
852
Calculate the remainder when 57731 is divided by 26.
11
What is the remainder when 4001 is divided by 64?
33
Calculate the remainder when 165349 is divided by 12718.
15
What is the remainder when 189811 is divided by 39?
37
Calculate the remainder when 31671 is divided by 15835.
1
Calculate the remainder when 35775 is divided by 11925.
0
Calculate the remainder when 30160 is divided by 3010.
60
What is the remainder when 46525 is divided by 972?
841
Calculate the remainder when 6461 is divided by 64.
61
What is the remainder when 17278 is divided by 201?
193
What is the remainder when 587759 is divided by 5?
4
Calculate the remainder when 9921 is divided by 2361.
477
What is the remainder when 2801 is divided by 95?
46
Calculate the remainder when 2428577 is divided by 1045.
1042
What is the remainder when 1281353 is divided by 1021?
1019
Calculate the remainder when 83562 is divided by 2387.
17
Calculate the remainder when 22453 is divided by 54.
43
What is the remainder when 2593 is divided by 1182?
229
What is the remainder when 1077151 is divided by 11?
9
What is the remainder when 384904 is divided by 23?
22
What is the remainder when 259922 is divided by 603?
29
What is the remainder when 4951 is divided by 862?
641
What is the remainder when 590652 is divided by 33?
18
Calculate the remainder when 1118806 is divided by 35.
31
Calculate the remainder when 375658 is divided by 53.
47
What is the remainder when 3294646 is divided by 18?
16
What is the remainder when 2133 is divided by 109?
62
Calculate the remainder when 15708 is divided by 215.
13
Calculate the remainder when 28137 is divided by 19.
17
What is the remainder when 75518 is divided by 614?
610
What is the remainder when 157234 is divided by 629?
613
Calculate the remainder when 20144 is divided by 7.
5
What is the remainder when 23136 is divided by 356?
352
What is the remainder when 34628 is divided by 333?
329
What is the remainder when 3802 is divided by 268?
50
Calculate the remainder when 4524 is divided by 1356.
456
Calculate the remainder when 11357 is divided by 1606.
115
What is the remainder when 1495 is divided by 225?
145
What is the remainder when 1492 is divided by 738?
16
Calculate the remainder when 114025 is divided by 16288.
9
What is the remainder when 6607 is divided by 942?
13
What is the remainder when 4081 is divided by 809?
36
Calculate the remainder when 704 is divided by 343.
18
Calculate the remainder when 51807 is divided by 197.
193
What is the remainder when 9810 is divided by 219?
174
What is the remainder when 93261 is divided by 221?
220
Calculate the remainder when 16819 is divided by 94.
87
What is the remainder when 1019 is divided by 131?
102
Calculate the remainder when 1397 is divided by 30.
17
What is the remainder when 8540 is divided by 369?
53
Calculate the remainder when 4725 is divided by 2354.
17
Calculate the remainder when 47970 is divided by 2093.
1924
What is the remainder when 2550 is divided by 258?
228
What is the remainder when 3257 is divided by 27?
17
Calculate the remainder when 656596 is divided by 168.
52
What is the remainder when 2997 is divided by 20?
17
Calculate the remainder when 1131 is divided by 410.
311
What is the remainder when 34109 is divided by 83?
79
What is the remainder when 5665 is divided by 2815?
35
What is the remainder when 57240 is divided by 955?
895
What is the remainder when 283 is divided by 279?
4
Calculate the remainder when 3188 is divided by 316.
28
What is the remainder when 5721 is divided by 62?
17
What is the remainder when 924149 is divided by 698?
695
Calculate the remainder when 25043 is divided by 1004.
947
Calculate the remainder when 39586 is divided by 477.
472
What is the remainder when 1215 is divided by 39?
6
What is the remainder when 4156 is divided by 1380?
16
Calculate the remainder when 595290 is divided by 148821.
6
What is the remainder when 1448 is divided by 210?
188
Calculate the remainder when 58800 is divided by 51.
48
Calculate the remainder when 16484 is divided by 2351.
27
Calculate the remainder when 1997 is divided by 39.
8
Calculate the remainder when 253 is divided by 86.
81
What is the remainder when 1748 is divided by 378?
236
Calculate the remainder when 11078 is divided by 287.
172
Calculate the remainder when 1554 is divided by 1553.
1
Calculate the remainder when 32141 is divided by 8013.
89
What is the remainder when 11019 is divided by 270?
219
Calculate the remainder when 10668 is divided by 181.
170
Calculate the remainder when 36542 is divided by 32.
30
Calculate the remainder when 3996 is divided by 71.
20
What is the remainder when 33955 is divided by 8468?
83
What is the remainder when 31493 is divided by 9?
2
What is the remainder when 56655 is divided by 16?
15
Calculate the remainder when 62018 is divided by 31002.
14
Calculate the remainder when 7297 is divided by 23.
6
Calculate the remainder when 79550 is divided by 30.
20
What is the remainder when 41269 is divided by 3677?
822
What is the remainder when 74402 is divided by 171?
17
What is the remainder when 190635 is divided by 21?
18
What is the remainder when 208484 is divided by 84?
80
Calculate the remainder when 7929 is divided by 663.
636
What is the remainder when 15357 is divided by 109?
97
What is the remainder when 16551 is divided by 366?
81
What is the remainder when 1341807 is divided by 45?
42
Calculate the remainder when 47067 is divided by 54.
33
What is the remainder when 2051 is divided by 740?
571
What is the remainder when 6688 is divided by 46?
18
Calculate the remainder when 372798 is divided by 33889.
19
Calculate the remainder when 3357 is divided by 66.
57
What is the remainder when 2401 is divided by 336?
49
Calculate the remainder when 62758 is divided by 171.
1
Calculate the remainder when 963 is divided by 246.
225
Calculate the remainder when 26245 is divided by 193.
190
What is the remainder when 105346 is divided by 308?
10
What is the remainder when 55329 is divided by 18?
15
Calculate the remainder when 23922 is divided by 2654.
36
What is the remainder when 4333 is divided by 498?
349
What is the remainder when 10925 is divided by 11?
2
Calculate the remainder when 4675 is divided by 315.
265
What is the remainder when 2335 is divided by 485?
395
Calculate the remainder when 3989 is divided by 26.
11
What is the remainder when 2066 is divided by 149?
129
What is the remainder when 35482 is divided by 31?
18
What is the remainder when 61603 is divided by 378?
367
Calculate the remainder when 12053 is divided by 2713.
1201
Calculate the remainder when 6023 is divided by 402.
395
What is the remainder when 19334 is divided by 6413?
95
Calculate the remainder when 1334 is divided by 1177.
157
What is the remainder when 714 is divided by 99?
21
Calculate the remainder when 100833 is divided by 3.
0
Calculate the remainder when 10256 is divided by 32.
16
What is the remainder when 7736 is divided by 860?
856
Calculate the remainder when 961 is divided by 954.
7
Calculate the remainder when 2073936 is divided by 245.
11
Calculate the remainder when 2339 is divided by 259.
8
What is the remainder when 148695 is divided by 25?
20
What is the remainder when 333749 is divided by 410?
9
Calculate the remainder when 525761 is divided by 43.
0
What is the remainder when 38900 is divided by 1898?
940
What is the remainder when 77935 is divided by 54?
13
Calculate the remainder when 123251 is divided